9232403 prime?
False
Is 2351878 prime?
False
Is 385860311 a composite number?
True
Is 3699583 prime?
True
Is 473726017 prime?
False
Is 829769 prime?
False
Is 4961780815 prime?
False
Is 314941 a composite number?
True
Is 5205637 a prime number?
False
Is 18122977 a composite number?
True
Is 4182857 composite?
True
Is 223706549 composite?
True
Is 497314223 composite?
True
Is 11327579 composite?
False
Is 98318029 a composite number?
False
Is 8146753 a composite number?
True
Is 12622657 prime?
False
Is 32652383 prime?
False
Is 3005089 a prime number?
False
Is 1395099779 a composite number?
False
Is 4225873 prime?
True
Is 175400717 prime?
True
Is 18170819 prime?
True
Is 563879 composite?
True
Is 12384133 composite?
False
Is 8232581 a composite number?
True
Is 396587 a prime number?
False
Is 3276785 a prime number?
False
Is 359837 a composite number?
False
Is 5142751 a prime number?
True
Is 1851841 a prime number?
True
Is 277653869 composite?
True
Is 4114987 prime?
False
Is 8956033 a composite number?
True
Is 7885693 composite?
False
Is 380469 a prime number?
False
Is 854683 a prime number?
True
Is 45480703 a prime number?
True
Is 241077223 prime?
True
Is 28970531 composite?
False
Is 323233 a prime number?
True
Is 3441367 prime?
True
Is 94104277 a prime number?
False
Is 1134853 a composite number?
True
Is 408646729 a composite number?
False
Is 2290481 composite?
True
Is 78550903 prime?
True
Is 11582477 a prime number?
True
Is 1299751 prime?
False
Is 78585631 a composite number?
False
Is 84597923 a prime number?
True
Is 7506509 a prime number?
True
Is 289050551 a composite number?
True
Is 224410757 composite?
False
Is 1117411 composite?
True
Is 8245343 prime?
True
Is 21841195 composite?
True
Is 1146743 a prime number?
False
Is 301944311 a prime number?
True
Is 2067189 composite?
True
Is 1384102 composite?
True
Is 24401393 a prime number?
False
Is 470243 composite?
False
Is 176964685 composite?
True
Is 24014071 a prime number?
True
Is 4125733 a composite number?
True
Is 17517473 prime?
True
Is 49304935 prime?
False
Is 7666213 a composite number?
False
Is 391479491 prime?
False
Is 189249343 composite?
True
Is 83587754 a prime number?
False
Is 23000687 composite?
True
Is 34000591 a prime number?
True
Is 349000867 a composite number?
False
Is 935687 composite?
False
Is 16071747 a composite number?
True
Is 83098537 a prime number?
True
Is 5155577 prime?
False
Is 914491 composite?
False
Is 4825477 composite?
True
Is 7636438 composite?
True
Is 2869397 a composite number?
True
Is 2555887 a composite number?
True
Is 413794037 composite?
False
Is 3674417 a prime number?
True
Is 3433099 composite?
True
Is 78400019 a composite number?
False
Is 18480881 prime?
True
Is 1937879 a composite number?
False
Is 35399873 prime?
True
Is 60110873 prime?
False
Is 25353514 a prime number?
False
Is 57342871 composite?
False
Is 112382371 a composite number?
False
Is 61783223 a composite number?
False
Is 153718867 prime?
False
Is 80623531 prime?
True
Is 7016941 a prime number?
True
Is 5887579 prime?
False
Is 17562179 a prime number?
False
Is 1364581 a composite number?
False
Is 139993967 a prime number?
False
Is 254238287 prime?
True
Is 6029729 prime?
False
Is 88511083 a prime number?
True
Is 29717 a composite number?
False
Is 6461773 prime?
True
Is 19308337 a composite number?
False
Is 331243 a composite number?
True
Is 1814203 composite?
True
Is 1916633 composite?
False
Is 4785727 prime?
False
Is 33964471 composite?
True
Is 55411 prime?
True
Is 5362649 a composite number?
True
Is 3976001 a prime number?
True
Is 188185861 composite?
True
Is 228606671 composite?
False
Is 25596719 a prime number?
True
Is 32364739 a prime number?
False
Is 98138891 composite?
False
Is 800365 a prime number?
False
Is 18861 composite?
True
Is 6056053 a composite number?
False
Is 249503797 composite?
False
Is 5328073 composite?
True
Is 1496683 a composite number?
True
Is 14158357 a prime number?
True
Is 40253347 prime?
True
Is 1326673 a composite number?
False
Is 17395802 prime?
False
Is 83916653 composite?
False
Is 2954531 composite?
False
Is 213437 composite?
True
Is 6004997 prime?
False
Is 2699213 prime?
False
Is 17221031 a composite number?
False
Is 55085249 prime?
True
Is 1230529 composite?
False
Is 23106779 prime?
False
Is 148739 a prime number?
False
Is 2131033 prime?
False
Is 4114691 a composite number?
True
Is 45084467 prime?
True
Is 23352131 a composite number?
True
Is 12578729 a composite number?
True
Is 63938249 a composite number?
True
Is 29832797 a composite number?
False
Is 2608451 a prime number?
False
Is 27337931 composite?
True
Is 6927611 a prime number?
True
Is 13058597 prime?
True
Is 345943891 a prime number?
True
Is 930377 a composite number?
True
Is 74192203 prime?
True
Is 544501 a prime number?
True
Is 123200587 a composite number?
True
Is 805339 a composite number?
False
Is 43514633 prime?
False
Is 11914179 prime?
False
Is 1540541 a composite number?
False
Is 22600961 prime?
False
Is 2474183 composite?
False
Is 27525697 a prime number?
True
Is 682846 a prime number?
False
Is 8431451 a prime number?
False
Is 2138533 composite?
True
Is 304899629 prime?
True
Is 2391877 a prime number?
False
Is 13969 a prime number?
False
Is 8594219 a prime number?
True
Is 183083969 prime?
True
Is 4841597 composite?
True
Is 22429727 prime?
False
Is 26937305 composite?
True
Is 12558011 composite?
True
Is 1075601 prime?
True
Is 473245 a composite number?
True
Is 12091971 prime?
False
Is 236542889 a prime number?
False
Is 476259659 prime?
True
Is 1024003 composite?
True
Is 13639181 a composite number?
False
Is 6831091 a prime number?
True
Is 5074633 prime?
True
Is 55279307 a composite number?
True
Is 25904815 a composite number?
True
Is 85571 prime?
True
Is 5697523 a prime number?
False
Is 31583023 a prime number?
True
Is 262285763 composite?
False
Is 52227221 composite?
False
Is 27595349 prime?
False
Is 3683879 a prime number?
True
Is 139794427 prime?
True
Is 111017341 prime?
False
Is 149689 a prime number?
True
Is 1309081001 a composite number?
False
Is 1028567 a composite number?
True
Is 101081011 a composite number?
False
Is 35160065 a prime number?
False
Is 861739 prime?
True
Is 1495511 prime?
True
Is 65892347 a prime number?
False
Is 97396093 a composite number?
False
Is 215637413 a composite number?
True
Is 19753427 a composite number?
False
Is 257617777 prime?
False
Is 19904789 a composite number?
False
Is 3461791 a prime number?
True
Is 1600031 prime?
False
Is 23862131 composite?
False
Is 188335465 composite?
True
Is 45052019 composite?
True
Is 213821 a prime number?
True
Is 43647962 a prime number?
False
Is 1191821 a composite number?
False
Is 121609261 a composite number?
False
Is 15102043 a prime number?
False
Is 268567049 a prime number?
True
Is 199146515 composite?
True
Is 23589451 a prime number?
False
Is 5042147 composite?
True
Is 37989389 a prime number?
False
Is 587882 composite?
True
Is 3821483 a prime number?
True
Is 2095333 a prime number?
False
Is 900205157 prime?
False
Is 115255993 composite?
True
Is 352083299 a composite number?
False
Is 118044907 composite?
True
Is 149060623 prime?
True
Is 410688887 composite?
True
Is 1883719 a composite number?
True
Is 6386785 prime?
False
Is 2407877 a composite number?
False
Is 9330047 a composite number?
False
Is 61960583 a composite number?
False
Is 4313189 composite?
True
Is 821113729 a prime number?
True
Is 78150217 a prime number?
True
Is 7984027 composite?
False
Is 501997 a prime number?
True
Is 1483847 a prime number?
False
Is 21193427 a composite number?
False
Is 1576847 prime?
False
Is 67540058 a composite number?
True
Is 3477511 composite?
True
Is 8813711 prime?
False
Is 68541413 a composite number?
True
Is 3804247229 prime?
True
Is 3945633 a prime number?
False
Is 12319997 composite?
False
Is 251960593 a composite number?
True
Is 5997935 composite?
True
Is 69143 a prime number?
True
Is 2043149 a composite number?
False
Is 49980187 a composite number?
True
Is 235369 prime?
True
Is 3135283 composite?
False
Is 11096237 prime?
True
Is 566173307 prime?
False
Is 734323 a composite number?
True
Is 1466039 a prime number?
True
Is 1088803 a prime number?
False
Is 213909671 composite?
False
Is 4941347 composite?
False
Is 523847 composi